23*a. What are the prime factors of v(5)?
2, 3
List the prime factors of 28/(-10) - 1762191/(-345).
5, 1021
Let m = 23 + -20. Suppose 2*r = m*r + 5*j, 0 = 3*r - j. List the prime factors of (-1 - r)/((-3)/30).
2, 5
Suppose -31*j + 257462 + 64756 = 30570. List the prime factors of j.
2, 3, 7
Let t = 23241 - 10216. List the prime factors of t.
5, 521
Let x = 33 - 29. Suppose -9*l - x = 14. Let z(r) = 11*r**2 - 5*r + 2. What are the prime factors of z(l)?
2, 7
Let a = -1138 - -591. Let m = 190 - a. What are the prime factors of m?
11, 67
Suppose 0*p - 3*p - 1125 = 0. Let y(o) = -2*o + 130. Let k be y(0). What are the prime factors of (-6)/(-3 - p/k)?
2, 13
Let b = 49 + -47. Suppose -b*d + d + 4*w + 565 = 0, 4*d - 2170 = -2*w. Suppose g + 4*g - d = 0. List the prime factors of g.
109
Let j = 88 + -157. Let k = j - -324. List the prime factors of k.
3, 5, 17
Let q(d) = -6*d - 7. Let s(z) = z**2 + z - 1. Let c(k) = -q(k) + 3*s(k). Let l be -4 - 0 - (-2 + 4). What are the prime factors of c(l)?
2, 29
Suppose 6*z - 5*x - 66886 = 2*z, 2*z - x = 33434. List the prime factors of z.
2, 61, 137
Let c = -65 - -75. What are the prime factors of (c/(-20))/((-1)/230)?
5, 23
Suppose 18*o = 75*o - 57. Let z(b) = 2 - 2 + 31*b**2. What are the prime factors of z(o)?
31
Suppose -4*c + 6 + 2 = -4*w, -2*c + w = -6. List the prime factors of (332/c)/(2/4).
2, 83
Let t(h) = 281*h + 90. Let p be t(30). Suppose -p = 28*l - 40*l. List the prime factors of l.
2, 5, 71
Suppose 2*j + 3*q - q - 58 = 0, -5*j + 141 = q. Suppose 25*f + 6 = j*f. Suppose -2*t - 743 = -5*r - t, -5*r - f*t = -749. What are the prime factors of r?
149
Let r be 11*3/(-15) + (-4)/5. List the prime factors of r/(3/2 + (-1410)/936).
2, 3, 13
Let i = -342 - -800. Suppose -7*s = 17 - i. List the prime factors of s.
3, 7
Suppose -v + 3*v = x - 2784, 3*v = -x + 2764. Suppose 3*a = -5*s + x, -5*s + 4*a = 689 - 3451. List the prime factors of s.
2, 277
Suppose 2*t = -5*p + 3, 4*p + 0*t + 12 = 2*t. List the prime factors of (3/6)/((-3)/(p*390)).
5, 13
Let d be ((-27)/(-6) + -2)*40/50. Suppose -d*h - 2*o + 740 = 0, 14 = -5*o - 11. What are the prime factors of h?
3, 5
Suppose -3*j - j + 20 = -4*f, -3*f = -4*j + 18. Suppose h + h = w - 229, 0 = -j*h + 9. Suppose 2*c - w = -69. List the prime factors of c.
83
Let k(q) = -908*q - 2271. What are the prime factors of k(-19)?
71, 211
Let w be 7/(385/4520) + (-4)/22. Let r = -68 + w. What are the prime factors of r?
2, 7
Let s(a) = -2*a - 11. Suppose -3*h + 1 = 16, -4*h = -q + 12. Let u be s(q). Let v(r) = r**3 - r**2 + 5*r + 5. List the prime factors of v(u).
2, 5, 13
Let m(w) = 2413*w**2 + 69*w + 125. List the prime factors of m(-2).
3, 7, 17
Suppose 3*v - 79119 = 3*z, -4*v - 68*z = -64*z - 105452. What are the prime factors of v?
2, 103
List the prime factors of -15*(-32549)/(-110)*-2.
3, 11, 269
Let u(v) = 5*v. Let l be u(1). Let y = 3855 + -3684. Suppose 153 = n - 2*m, l*n - m - y - 567 = 0. What are the prime factors of n?
3, 7
Let w be (-4)/(-22) - (20/(-11) - 3). Let g be (w - 1 - 5)*-5. Suppose -177 + 32 = -g*m - b, -3*b = -3*m + 105. What are the prime factors of m?
2, 3, 5
Suppose 0*p = -2*p - 4. Let z be (p - (2 - 4))*-1. Suppose 20 = l + f - 4*f, z = 2*l - 2*f - 24. List the prime factors of l.
2
Let r = -205 + 271. What are the prime factors of -32 + 25 - -7*r?
5, 7, 13
Let k(a) = -4*a**2 - 19*a - 11. Let l(j) = -3*j**2 - 18*j - 10. Let d(i) = -5*k(i) + 6*l(i). Let m be d(7). What are the prime factors of 3*1 + ((-10)/m - -75)?
73
Let q = -882 - -447. Let s = -61 - q. What are the prime factors of s?
2, 11, 17
Let v(l) = 30*l**2 - 28*l - 247. List the prime factors of v(-8).
7, 271
Suppose 5*h + 13 = -10*n + 9*n, 2*h = -2. Let r = -6 + 7. List the prime factors of (-3 - n) + 48 + r.
2, 3
List the prime factors of (0 + 3/2)*(-9 + 45790/6).
2, 5717
What are the prime factors of (13498 - -16)*(5/1)/10?
29, 233
Let w be 22/(-1) + -20*(-6)/24. Let c(z) = -30*z - 101. List the prime factors of c(w).
409
Let b(y) = -4*y**2 + y + 2. Let i(j) = -5*j**2 + j + 2. Let t(x) = -3*b(x) + 2*i(x). Let f be t(2). List the prime factors of f + -4 + -1 + 4.
3
Let z(u) = -6*u + 59. Let s = -27 + 37. Suppose s*m + 29 = -41. List the prime factors of z(m).
101
Suppose -y = 2*n - 5316, -2*n - 21304 = 74*y - 78*y. List the prime factors of y.
2, 11
Suppose -k = -2*f, 0*k + 3*f = -3*k. Suppose k = -0*c + 3*c - 5*v - 1343, -3*c + 1378 = 2*v. Let l = 655 - c. List the prime factors of l.
199
Let y(t) = t**3 - 84*t**2 + 1291*t + 161. What are the prime factors of y(72)?
5, 7, 883
Let p = -1 - -8. Suppose p*c - 482 = -48. Let k = c + -37. List the prime factors of k.
5
Suppose 0 = -0*o - o - 4*q + 2379, -4*o - 5*q + 9560 = 0. Suppose 3*m + 4*j - 57 - 1352 = 0, -5*m + 5*j + o = 0. List the prime factors of m.
5, 19
Let f = -20276 - -28764. List the prime factors of f.
2, 1061
Suppose -x = x + 2*h + 60, 3*h - 106 = 4*x. Suppose 33*o = 30*o + 18, 38 = -k - 3*o. Let y = x - k. What are the prime factors of y?
2, 7
Let f(d) = 24*d**2 - 29*d - 89. Let m(u) = 11*u**2 - 14*u - 44. Let j(s) = -2*f(s) + 5*m(s). What are the prime factors of j(-5)?
193
Let w(n) = 6*n**3 - 5*n**2 - 3*n - 16. Let o be w(-4). Let c = o + 1003. List the prime factors of c.
5, 107
Let x(i) = -i**3 + 20*i**2 - 19*i - 14. Let r be x(13). Suppose 551 = t - 5*a, 4*a - r = 3*t - 2630. What are the prime factors of t?
2, 3
Suppose 11*f - 12*f + 2 = 0. Let c be -6*(-1)/f + -133. Let i = 44 - c. What are the prime factors of i?
2, 3, 29
Suppose -659*a + 153198 = -632*a. What are the prime factors of a?
2, 2837
Suppose -5*x - 2 = -6*x. Let m be x/(((-10)/3)/(-5)). Suppose 2*f + 2*d = 70, 2*d + 1 = -m. What are the prime factors of f?
37
Let x = 410 + -223. Let w(a) = -30*a + 13. Let d be w(-3). Suppose 4*v + 5*k - 662 - d = 0, -x = -v + 3*k. What are the prime factors of v?
2, 5, 19
Let c be (2 - -4 - 5)*0. Suppose 2*r - 493 - 451 = c. Suppose 4*x = -4*u + r, 0*x - x + 126 = -3*u. List the prime factors of x.
2, 3, 5
Let y(c) = -1. Let x(p) = -22*p - 46. Let o(l) = x(l) - y(l). What are the prime factors of o(-15)?
3, 5, 19
Suppose -u - 13 = -5*a, u + 4*a - a - 19 = 0. Suppose -3*r - 5*m - u = 5, -r - 2*m - 5 = 0. List the prime factors of (-5)/(-20)*4 + r + 23.
5
Let x be 0*3/(-12) + -35. Let z = -41 - x. List the prime factors of 2/z - 462/(-9).
3, 17
Let u(a) = -9*a + 19. Let x be u(-9). Let m be (x/35)/1*7. Let h = -15 + m. What are the prime factors of h?
5
Suppose 0 = 476*q - 466*q - 105320. What are the prime factors of q?
2, 2633
Suppose 2*t + 8 = -4*d - 2, 0 = 3*t - 5*d - 40. Suppose -2*f - p = 681 - 2109, -5*p - 3600 = -t*f. List the prime factors of f.
2, 179
List the prime factors of ((-35978140)/99)/(-22) - 1/(-9).
16519
Let h(i) = -i**3 + 9*i**2 - 11*i - 2. Let j be h(7). Suppose 4*q - j = -3, -4924 = -4*w + 2*q. What are the prime factors of w?
3, 137
Let a be -1 + -2 + 9/(36/2660). Suppose 2*q - 4*p = a + 44, 3*q - 4*p - 1065 = 0. What are the prime factors of q?
359
Let a = 155 + -151. Suppose -n + a = 8, 2*n + 740 = 4*q. What are the prime factors of q?
3, 61
Let u be 1*(-3 - (-3 - 4)). Suppose 0 = 5*g + u*y - 14, 4 = -g + y + 5. What are the prime factors of (-22)/((g + 2)/(-12))?
2, 3, 11
Let z = -124477 - -187999. What are the prime factors of z?
2, 3, 3529
Let s(c) = -6 - 2 - 4 - 2*c + 15. Let k be s(0). Suppose k*x - 4*j - 122 = 0, x - 2*x + 54 = 2*j. List the prime factors of x.
2, 23
Let s(n) = 22*n**2 + 173*n - 9. Let w be s(-8). Let z be 4/14 - 40/(-7). Let p = z + w. What are the prime factors of p?
3, 7
What are the prime factors of ((-3081)/2)/((-7)/(-28)*-3)?
2, 13, 79
List the prime factors of ((-7525)/(-25) - 3)/(2/116).
2, 29, 149
Let f(b) = -4828*b - 420. What are the prime factors of f(-8)?
2, 9551
Suppose 0 = -25*w - 166108 + 673633. What are the prime factors of w?
3, 67, 101
Let z = -1737 - -1764. List the prime factors of z.
3
Suppose -38*o + 160 = -33*o. Suppose 4*t = l + o, -2*l - t = 2*t + 108. List the prime factors of (l/5)/((-4)/(80/6)).
2
Let q = -8 - -12. Suppose -q*l + 2*l = -46. Suppose 0 = -3*j - n + l, 4*j + 2*n - 20 = 6*n. List the prime factors of j.
7
What are the prime factors of (4 - (-84)/60)/(34822/17410 + -2)?
3, 1741
Suppose -4*x - 202 = -1918. Suppose -937 = -